{"id":546,"date":"2025-03-16T15:44:42","date_gmt":"2025-03-16T15:44:42","guid":{"rendered":"https:\/\/cmentarzewielkiejwojny.pl\/?page_id=546"},"modified":"2025-10-17T17:07:57","modified_gmt":"2025-10-17T17:07:57","slug":"cmentarz-wojenny-nr-107-biecz","status":"publish","type":"page","link":"https:\/\/cmentarzewielkiejwojny.pl\/index.php\/okreg-iii-gorlice\/cmentarz-wojenny-nr-107-biecz\/","title":{"rendered":"Cmentarz wojenny nr 107 Biecz"},"content":{"rendered":"\n<p class=\"has-text-align-center\"><strong>Cmentarz nr 107 Biecz <\/strong>z czterystustu Zachodniogalicyjskich<strong> Cmentarzy Wielkiej Wojny <\/strong><strong> Okr\u0119g III Gorlice<\/strong><\/p>\n\n\n\n<p><strong>Cmentarz nr 107 Biecz<\/strong>,  w obr\u0119bie cmentarza \u017cydowskiego znajduj\u0105 si\u0119 3 mogi\u0142y pojedyncze \u2013 obecnie jest nie do ustalenia ich lokalizacja. Ca\u0142e jego wyposa\u017cenie zosta\u0142o zniszczone przez okupanta hitlerowskiego w czasie drugiej wojny \u015bwiatowej. W 1966 roku zosta\u0142 wzniesiony pomnik po\u015bwi\u0119cony wymordowanej ludno\u015bci \u017cydowskiej.<\/p>\n\n\n\n<p><em>\u201e\u2026Ozdobne stele kamienne\u2026\u201d. (1)<\/em><\/p>\n\n\n\n<p><em>\u201e\u2026Og\u00f3lny stan z\u0142y.\u2026\u201d. (2)<\/em><\/p>\n\n\n\n<p>Na <strong>cmentarzu nr 107 Biecz<\/strong> w 3 mogi\u0142ach pojedynczych pochowano 3 \u017co\u0142nierzy austro-w\u0119gierskich wszyscy znani z imienia i nazwiska. E. R. Inf. Emil Lustig I.R. 36 poleg\u0142y 5.10.1914; Honv. Moritz Berkowicz H.I.R. 11 poleg\u0142y 17.05.1915; Ldst.Inf. Meir Birn I.R. 57 poleg\u0142y 13.05.1915.<\/p>\n\n\n<div class=\"wp-block-image\">\n<figure class=\"aligncenter size-full is-resized\"><img loading=\"lazy\" decoding=\"async\" width=\"1259\" height=\"2054\" src=\"https:\/\/cmentarzewielkiejwojny.pl\/wp-content\/uploads\/2025\/07\/Cmentarz-nr-107-Biecz-plan-J.-Drogomir-Polegli-.jpg\" alt=\"\" class=\"wp-image-1193\" style=\"width:152px;height:auto\"\/><\/figure>\n<\/div>\n\n\n<p class=\"has-text-align-center has-small-font-size\"> plany&nbsp; \u2013 Jerzy J.P. Drogomir \u201ePolegli w Galicji Zachodniej 1914-15\u201d tom. I str. 515. Muzeum Okr\u0119gowe w Tarnowie, Tarn\u00f3w 1999 \u2013 w prywatnych zbiorach B. Jezierski<\/p>\n\n\n\n<p>Dojazd: <strong>Cmentarz nr 107 Biecz<\/strong> znajduje si\u0119 na terenie cmentarza \u017cydowskiego przy ul. Tysi\u0105clecia. Dok\u0142adna lokalizacja GPS: 49.735821 21.250539<\/p>\n\n\n\n<p class=\"has-small-font-size\">(1) R. Broch, H. Hauptmann \u201eDie westgalizischen Heldengr\u00e4ber aus den Jahren des Weltkrieges 1914-1915\u201d Wien 1918&nbsp; \u2013 orygina\u0142 w prywatnych zbiorach B. Jezierski&nbsp;<\/p>\n\n\n\n<p class=\"has-small-font-size\"> (2) Oktawian Duda \u201eCmentarze Wojenne z lat 1914 \u2013 1918 w Galicji Zachodniej Czas \u015awietno\u015bci i Czas Pogardy\u201d Nowy S\u0105cz 1977 \u2013 1987, maszynopis w prywatnych zbiorach B. Jezierski<\/p>\n\n\n\n<p class=\"has-small-font-size\">zdj.&nbsp; 27.06.2021 \u2013 B. Jezierski <\/p>\n\n\n\t\t\t\t\t<div\n\t\t\t\t\t\tclass=\"wp-block-uagb-image-gallery uagb-block-79835328     \"\n\t\t\t\t\t\tstyle=\"\"\n\t\t\t\t\t>\n\t\t\t\t\t\t\t\t\t\t\t<div class=\"spectra-image-gallery spectra-image-gallery__layout--grid spectra-image-gallery__layout--grid-col-4 spectra-image-gallery__layout--grid-col-tab-3 spectra-image-gallery__layout--grid-col-mob-2\">\n\t\t\t\t\t\t\t\t\t\t\t<div class='spectra-image-gallery__media-wrapper' data-spectra-gallery-image-id='1198' tabindex=\"0\">\n\t\t\t\t\t\t\t<div class=\"spectra-image-gallery__media spectra-image-gallery__media--grid\">\n\t\t\t\t<picture>\n\t\t\t\t\t<source media=\"(min-width: 1024px)\" srcset=\"https:\/\/cmentarzewielkiejwojny.pl\/wp-content\/uploads\/2025\/07\/Cmentarz-nr-107-Biecz-zdj.-B.-Jezierski-3-min.jpg\">\n\t\t\t\t\t<source media=\"(min-width: 768px)\" srcset=\"https:\/\/cmentarzewielkiejwojny.pl\/wp-content\/uploads\/2025\/07\/Cmentarz-nr-107-Biecz-zdj.-B.-Jezierski-3-min.jpg\">\n\t\t\t\t\t<img decoding=\"async\" class=\"spectra-image-gallery__media-thumbnail spectra-image-gallery__media-thumbnail--grid\" src=\"https:\/\/cmentarzewielkiejwojny.pl\/wp-content\/uploads\/2025\/07\/Cmentarz-nr-107-Biecz-zdj.-B.-Jezierski-3-min.jpg\" alt=\"\" loading=\"lazy\" \/>\n\t\t\t\t<\/picture>\n\t\t\t\t<div class=\"spectra-image-gallery__media-thumbnail-blurrer\"><\/div>\n\t\t\t\t\t\t\t\t\t\t\t<div class=\"spectra-image-gallery__media-thumbnail-caption-wrapper spectra-image-gallery__media-thumbnail-caption-wrapper--overlay\">\n\t\t\t\t\t\t\t\t\t\t\t<div class=\"spectra-image-gallery__media-thumbnail-caption spectra-image-gallery__media-thumbnail-caption--overlay\">\n\t\t\t\t\tBrak podpisu\t\t\t\t<\/div>\n\t\t\t\t\t\t\t\t\t\t<\/div>\n\t\t\t\t\t\t\t\t\t<\/div>\n\t\t\t\t\t\t<\/div>\n\t\t\t\t\t\t<div class='spectra-image-gallery__media-wrapper' data-spectra-gallery-image-id='1197' tabindex=\"0\">\n\t\t\t\t\t\t\t<div class=\"spectra-image-gallery__media spectra-image-gallery__media--grid\">\n\t\t\t\t<picture>\n\t\t\t\t\t<source media=\"(min-width: 1024px)\" srcset=\"https:\/\/cmentarzewielkiejwojny.pl\/wp-content\/uploads\/2025\/07\/Cmentarz-nr-107-Biecz-zdj.-B.-Jezierski-2-min.jpg\">\n\t\t\t\t\t<source media=\"(min-width: 768px)\" srcset=\"https:\/\/cmentarzewielkiejwojny.pl\/wp-content\/uploads\/2025\/07\/Cmentarz-nr-107-Biecz-zdj.-B.-Jezierski-2-min.jpg\">\n\t\t\t\t\t<img decoding=\"async\" class=\"spectra-image-gallery__media-thumbnail spectra-image-gallery__media-thumbnail--grid\" src=\"https:\/\/cmentarzewielkiejwojny.pl\/wp-content\/uploads\/2025\/07\/Cmentarz-nr-107-Biecz-zdj.-B.-Jezierski-2-min.jpg\" alt=\"\" loading=\"lazy\" \/>\n\t\t\t\t<\/picture>\n\t\t\t\t<div class=\"spectra-image-gallery__media-thumbnail-blurrer\"><\/div>\n\t\t\t\t\t\t\t\t\t\t\t<div class=\"spectra-image-gallery__media-thumbnail-caption-wrapper spectra-image-gallery__media-thumbnail-caption-wrapper--overlay\">\n\t\t\t\t\t\t\t\t\t\t\t<div class=\"spectra-image-gallery__media-thumbnail-caption spectra-image-gallery__media-thumbnail-caption--overlay\">\n\t\t\t\t\tBrak podpisu\t\t\t\t<\/div>\n\t\t\t\t\t\t\t\t\t\t<\/div>\n\t\t\t\t\t\t\t\t\t<\/div>\n\t\t\t\t\t\t<\/div>\n\t\t\t\t\t\t<div class='spectra-image-gallery__media-wrapper' data-spectra-gallery-image-id='1196' tabindex=\"0\">\n\t\t\t\t\t\t\t<div class=\"spectra-image-gallery__media spectra-image-gallery__media--grid\">\n\t\t\t\t<picture>\n\t\t\t\t\t<source media=\"(min-width: 1024px)\" srcset=\"https:\/\/cmentarzewielkiejwojny.pl\/wp-content\/uploads\/2025\/07\/Cmentarz-nr-107-Biecz-zdj.-B.-Jezierski-1-min.jpg\">\n\t\t\t\t\t<source media=\"(min-width: 768px)\" srcset=\"https:\/\/cmentarzewielkiejwojny.pl\/wp-content\/uploads\/2025\/07\/Cmentarz-nr-107-Biecz-zdj.-B.-Jezierski-1-min.jpg\">\n\t\t\t\t\t<img decoding=\"async\" class=\"spectra-image-gallery__media-thumbnail spectra-image-gallery__media-thumbnail--grid\" src=\"https:\/\/cmentarzewielkiejwojny.pl\/wp-content\/uploads\/2025\/07\/Cmentarz-nr-107-Biecz-zdj.-B.-Jezierski-1-min.jpg\" alt=\"\" loading=\"lazy\" \/>\n\t\t\t\t<\/picture>\n\t\t\t\t<div class=\"spectra-image-gallery__media-thumbnail-blurrer\"><\/div>\n\t\t\t\t\t\t\t\t\t\t\t<div class=\"spectra-image-gallery__media-thumbnail-caption-wrapper spectra-image-gallery__media-thumbnail-caption-wrapper--overlay\">\n\t\t\t\t\t\t\t\t\t\t\t<div class=\"spectra-image-gallery__media-thumbnail-caption spectra-image-gallery__media-thumbnail-caption--overlay\">\n\t\t\t\t\tBrak podpisu\t\t\t\t<\/div>\n\t\t\t\t\t\t\t\t\t\t<\/div>\n\t\t\t\t\t\t\t\t\t<\/div>\n\t\t\t\t\t\t<\/div>\n\t\t\t\t\t\t<div class='spectra-image-gallery__media-wrapper' data-spectra-gallery-image-id='1199' tabindex=\"0\">\n\t\t\t\t\t\t\t<div class=\"spectra-image-gallery__media spectra-image-gallery__media--grid\">\n\t\t\t\t<picture>\n\t\t\t\t\t<source media=\"(min-width: 1024px)\" srcset=\"https:\/\/cmentarzewielkiejwojny.pl\/wp-content\/uploads\/2025\/07\/Cmentarz-nr-107-Biecz-zdj.-B.-Jezierski-4-min.jpg\">\n\t\t\t\t\t<source media=\"(min-width: 768px)\" srcset=\"https:\/\/cmentarzewielkiejwojny.pl\/wp-content\/uploads\/2025\/07\/Cmentarz-nr-107-Biecz-zdj.-B.-Jezierski-4-min.jpg\">\n\t\t\t\t\t<img decoding=\"async\" class=\"spectra-image-gallery__media-thumbnail spectra-image-gallery__media-thumbnail--grid\" src=\"https:\/\/cmentarzewielkiejwojny.pl\/wp-content\/uploads\/2025\/07\/Cmentarz-nr-107-Biecz-zdj.-B.-Jezierski-4-min.jpg\" alt=\"\" loading=\"lazy\" \/>\n\t\t\t\t<\/picture>\n\t\t\t\t<div class=\"spectra-image-gallery__media-thumbnail-blurrer\"><\/div>\n\t\t\t\t\t\t\t\t\t\t\t<div class=\"spectra-image-gallery__media-thumbnail-caption-wrapper spectra-image-gallery__media-thumbnail-caption-wrapper--overlay\">\n\t\t\t\t\t\t\t\t\t\t\t<div class=\"spectra-image-gallery__media-thumbnail-caption spectra-image-gallery__media-thumbnail-caption--overlay\">\n\t\t\t\t\tBrak podpisu\t\t\t\t<\/div>\n\t\t\t\t\t\t\t\t\t\t<\/div>\n\t\t\t\t\t\t\t\t\t<\/div>\n\t\t\t\t\t\t<\/div>\n\t\t\t\t\t\t\t\t\t\t<\/div>\n\t\t\t\t\t\t\t\t\t\t\t\t\t\t\t\t\t\t<\/div>\n\t\t\t\t\t\t\t\t\t\t\t<div class='spectra-image-gallery__control-lightbox' tabindex='0'>\n\t\t\t\t\t\t\t\t\t\t\t<div class=\"swiper spectra-image-gallery__control-lightbox--main\" dir=\"\">\n\t\t\t\t\t<div class=\"swiper-wrapper\">\n\t\t\t\t\t\t\t\t\t\t\t\t\t\n\t\t\t\t\t\t\t<div class=\"swiper-slide\">\n\t\t\t\t\t\t\t\t<img class=\"swiper-lazy\" data-src=\"https:\/\/cmentarzewielkiejwojny.pl\/wp-content\/uploads\/2025\/07\/Cmentarz-nr-107-Biecz-zdj.-B.-Jezierski-3-min.jpg\" alt=\"\"\/>\n\t\t\t\t\t\t\t\t<div class=\"swiper-lazy-preloader swiper-lazy-preloader-white\"><\/div>\n\t\t\t\t\t\t\t\t\t\t\t\t\t\t\t<\/div>\n\t\t\t\t\t\t\t\t\t\t\t\t\t\n\t\t\t\t\t\t\t<div class=\"swiper-slide\">\n\t\t\t\t\t\t\t\t<img class=\"swiper-lazy\" data-src=\"https:\/\/cmentarzewielkiejwojny.pl\/wp-content\/uploads\/2025\/07\/Cmentarz-nr-107-Biecz-zdj.-B.-Jezierski-2-min.jpg\" alt=\"\"\/>\n\t\t\t\t\t\t\t\t<div class=\"swiper-lazy-preloader swiper-lazy-preloader-white\"><\/div>\n\t\t\t\t\t\t\t\t\t\t\t\t\t\t\t<\/div>\n\t\t\t\t\t\t\t\t\t\t\t\t\t\n\t\t\t\t\t\t\t<div class=\"swiper-slide\">\n\t\t\t\t\t\t\t\t<img class=\"swiper-lazy\" data-src=\"https:\/\/cmentarzewielkiejwojny.pl\/wp-content\/uploads\/2025\/07\/Cmentarz-nr-107-Biecz-zdj.-B.-Jezierski-1-min.jpg\" alt=\"\"\/>\n\t\t\t\t\t\t\t\t<div class=\"swiper-lazy-preloader swiper-lazy-preloader-white\"><\/div>\n\t\t\t\t\t\t\t\t\t\t\t\t\t\t\t<\/div>\n\t\t\t\t\t\t\t\t\t\t\t\t\t\n\t\t\t\t\t\t\t<div class=\"swiper-slide\">\n\t\t\t\t\t\t\t\t<img class=\"swiper-lazy\" data-src=\"https:\/\/cmentarzewielkiejwojny.pl\/wp-content\/uploads\/2025\/07\/Cmentarz-nr-107-Biecz-zdj.-B.-Jezierski-4-min.jpg\" alt=\"\"\/>\n\t\t\t\t\t\t\t\t<div class=\"swiper-lazy-preloader swiper-lazy-preloader-white\"><\/div>\n\t\t\t\t\t\t\t\t\t\t\t\t\t\t\t<\/div>\n\t\t\t\t\t\t\t\t\t\t\t<\/div>\n\t\t\t\t\t<div class=\"swiper-button-next\"><\/div>\n\t\t\t\t\t<div class=\"swiper-button-prev\"><\/div>\n\t\t\t\t<\/div>\t\t\t\n\t\t\t\t\t\t\t\t\t\t\t\t\t\t\t\t\t\t\t\t\t\t\t\t\t\t\t\t\t\t\t\t<button class='spectra-image-gallery__control-lightbox--close' aria-label=\"Close\">\n\t\t\t\t\t\t\t\t\t\t\t\t\t<svg xmlns=\"https:\/\/www.w3.org\/2000\/svg\" viewBox= \"0 0 320 512\"><path d=\"M310.6 361.4c12.5 12.5 12.5 32.75 0 45.25C304.4 412.9 296.2 416 288 416s-16.38-3.125-22.62-9.375L160 301.3L54.63 406.6C48.38 412.9 40.19 416 32 416S15.63 412.9 9.375 406.6c-12.5-12.5-12.5-32.75 0-45.25l105.4-105.4L9.375 150.6c-12.5-12.5-12.5-32.75 0-45.25s32.75-12.5 45.25 0L160 210.8l105.4-105.4c12.5-12.5 32.75-12.5 45.25 0s12.5 32.75 0 45.25l-105.4 105.4L310.6 361.4z\"><\/path><\/svg>\n\t\t\t\t\t\t\t\t\t\t\t\t<\/button>\n\t\t\t\t\t\t\t\t\t\t\t\t\t<\/div>\n\t\t\t\t\t\t\t\t\t\n\n\n<p class=\"has-small-font-size\">zdj. archiwalne &#8211; Roman Frodyma \u2013 w prywatnych zbiorach B. Jezierski<\/p>\n\n\n\t\t\t\t\t<div\n\t\t\t\t\t\tclass=\"wp-block-uagb-image-gallery uagb-block-b409bf19     \"\n\t\t\t\t\t\tstyle=\"\"\n\t\t\t\t\t>\n\t\t\t\t\t\t\t\t\t\t\t<div class=\"spectra-image-gallery spectra-image-gallery__layout--grid spectra-image-gallery__layout--grid-col-2 spectra-image-gallery__layout--grid-col-tab-3 spectra-image-gallery__layout--grid-col-mob-2\">\n\t\t\t\t\t\t\t\t\t\t\t<div class='spectra-image-gallery__media-wrapper' data-spectra-gallery-image-id='1195' tabindex=\"0\">\n\t\t\t\t\t\t\t<div class=\"spectra-image-gallery__media spectra-image-gallery__media--grid\">\n\t\t\t\t<picture>\n\t\t\t\t\t<source media=\"(min-width: 1024px)\" srcset=\"https:\/\/cmentarzewielkiejwojny.pl\/wp-content\/uploads\/2025\/07\/Cmentarz-nr-107-Biecz-zdj.-archiwalne-R.-Frodyma.jpg\">\n\t\t\t\t\t<source media=\"(min-width: 768px)\" srcset=\"https:\/\/cmentarzewielkiejwojny.pl\/wp-content\/uploads\/2025\/07\/Cmentarz-nr-107-Biecz-zdj.-archiwalne-R.-Frodyma.jpg\">\n\t\t\t\t\t<img decoding=\"async\" class=\"spectra-image-gallery__media-thumbnail spectra-image-gallery__media-thumbnail--grid\" src=\"https:\/\/cmentarzewielkiejwojny.pl\/wp-content\/uploads\/2025\/07\/Cmentarz-nr-107-Biecz-zdj.-archiwalne-R.-Frodyma.jpg\" alt=\"\" loading=\"lazy\" \/>\n\t\t\t\t<\/picture>\n\t\t\t\t<div class=\"spectra-image-gallery__media-thumbnail-blurrer\"><\/div>\n\t\t\t\t\t\t\t\t\t\t\t<div class=\"spectra-image-gallery__media-thumbnail-caption-wrapper spectra-image-gallery__media-thumbnail-caption-wrapper--overlay\">\n\t\t\t\t\t\t\t\t\t\t\t<div class=\"spectra-image-gallery__media-thumbnail-caption spectra-image-gallery__media-thumbnail-caption--overlay\">\n\t\t\t\t\tBrak podpisu\t\t\t\t<\/div>\n\t\t\t\t\t\t\t\t\t\t<\/div>\n\t\t\t\t\t\t\t\t\t<\/div>\n\t\t\t\t\t\t<\/div>\n\t\t\t\t\t\t<div class='spectra-image-gallery__media-wrapper' data-spectra-gallery-image-id='1194' tabindex=\"0\">\n\t\t\t\t\t\t\t<div class=\"spectra-image-gallery__media spectra-image-gallery__media--grid\">\n\t\t\t\t<picture>\n\t\t\t\t\t<source media=\"(min-width: 1024px)\" srcset=\"https:\/\/cmentarzewielkiejwojny.pl\/wp-content\/uploads\/2025\/07\/Cmentarz-nr-107-Biecz-zdj.-archiwalne-R.-Frodyma-1.jpg\">\n\t\t\t\t\t<source media=\"(min-width: 768px)\" srcset=\"https:\/\/cmentarzewielkiejwojny.pl\/wp-content\/uploads\/2025\/07\/Cmentarz-nr-107-Biecz-zdj.-archiwalne-R.-Frodyma-1.jpg\">\n\t\t\t\t\t<img decoding=\"async\" class=\"spectra-image-gallery__media-thumbnail spectra-image-gallery__media-thumbnail--grid\" src=\"https:\/\/cmentarzewielkiejwojny.pl\/wp-content\/uploads\/2025\/07\/Cmentarz-nr-107-Biecz-zdj.-archiwalne-R.-Frodyma-1.jpg\" alt=\"\" loading=\"lazy\" \/>\n\t\t\t\t<\/picture>\n\t\t\t\t<div class=\"spectra-image-gallery__media-thumbnail-blurrer\"><\/div>\n\t\t\t\t\t\t\t\t\t\t\t<div class=\"spectra-image-gallery__media-thumbnail-caption-wrapper spectra-image-gallery__media-thumbnail-caption-wrapper--overlay\">\n\t\t\t\t\t\t\t\t\t\t\t<div class=\"spectra-image-gallery__media-thumbnail-caption spectra-image-gallery__media-thumbnail-caption--overlay\">\n\t\t\t\t\tBrak podpisu\t\t\t\t<\/div>\n\t\t\t\t\t\t\t\t\t\t<\/div>\n\t\t\t\t\t\t\t\t\t<\/div>\n\t\t\t\t\t\t<\/div>\n\t\t\t\t\t\t\t\t\t\t<\/div>\n\t\t\t\t\t\t\t\t\t\t\t\t\t\t\t\t\t\t<\/div>\n\t\t\t\t\t\t\t\t\t\n\n\n<p class=\"has-text-align-center\"><strong>Cmentarze Wielkiej Wojny<\/strong><\/p>\n\n\n<div class=\"wp-block-image\">\n<figure class=\"aligncenter size-full is-resized\"><img loading=\"lazy\" decoding=\"async\" width=\"512\" height=\"512\" src=\"https:\/\/cmentarzewielkiejwojny.pl\/wp-content\/uploads\/2025\/02\/cropped-logo-bez-tla.png\" alt=\"\" class=\"wp-image-51\" style=\"width:164px;height:auto\" srcset=\"https:\/\/cmentarzewielkiejwojny.pl\/wp-content\/uploads\/2025\/02\/cropped-logo-bez-tla.png 512w, https:\/\/cmentarzewielkiejwojny.pl\/wp-content\/uploads\/2025\/02\/cropped-logo-bez-tla-300x300.png 300w, https:\/\/cmentarzewielkiejwojny.pl\/wp-content\/uploads\/2025\/02\/cropped-logo-bez-tla-150x150.png 150w, https:\/\/cmentarzewielkiejwojny.pl\/wp-content\/uploads\/2025\/02\/cropped-logo-bez-tla-100x100.png 100w, https:\/\/cmentarzewielkiejwojny.pl\/wp-content\/uploads\/2025\/02\/cropped-logo-bez-tla-270x270.png 270w, https:\/\/cmentarzewielkiejwojny.pl\/wp-content\/uploads\/2025\/02\/cropped-logo-bez-tla-192x192.png 192w, https:\/\/cmentarzewielkiejwojny.pl\/wp-content\/uploads\/2025\/02\/cropped-logo-bez-tla-180x180.png 180w, https:\/\/cmentarzewielkiejwojny.pl\/wp-content\/uploads\/2025\/02\/cropped-logo-bez-tla-32x32.png 32w\" sizes=\"auto, (max-width: 512px) 100vw, 512px\" \/><figcaption class=\"wp-element-caption\">Cmentarze Wielkiej Wojny<\/figcaption><\/figure>\n<\/div>","protected":false},"excerpt":{"rendered":"<p>Cmentarz nr 107 Biecz z czterystustu Zachodniogalicyjskich Cmentarzy Wielkiej Wojny Okr\u0119g III Gorlice Cmentarz nr 107 Biecz, w obr\u0119bie cmentarza \u017cydowskiego znajduj\u0105 si\u0119 3 mogi\u0142y pojedyncze \u2013 obecnie jest nie do ustalenia ich lokalizacja. Ca\u0142e jego wyposa\u017cenie zosta\u0142o zniszczone przez okupanta hitlerowskiego w czasie drugiej wojny \u015bwiatowej. W 1966 roku zosta\u0142 wzniesiony pomnik po\u015bwi\u0119cony wymordowanej &hellip; <\/p>\n<p class=\"link-more\"><a href=\"https:\/\/cmentarzewielkiejwojny.pl\/index.php\/okreg-iii-gorlice\/cmentarz-wojenny-nr-107-biecz\/\" class=\"more-link\">Czytaj dalej<span class=\"screen-reader-text\"> \u201eCmentarz wojenny nr 107 Biecz\u201d<\/span><\/a><\/p>\n","protected":false},"author":1,"featured_media":1200,"parent":109,"menu_order":0,"comment_status":"closed","ping_status":"closed","template":"","meta":{"_uag_custom_page_level_css":"","footnotes":""},"class_list":["post-546","page","type-page","status-publish","has-post-thumbnail","hentry"],"uagb_featured_image_src":{"full":["https:\/\/cmentarzewielkiejwojny.pl\/wp-content\/uploads\/2025\/07\/Cmentarz-nr-107-Biecz-zdj.-B.-Jezierski-min.jpg",5184,3456,false],"thumbnail":["https:\/\/cmentarzewielkiejwojny.pl\/wp-content\/uploads\/2025\/07\/Cmentarz-nr-107-Biecz-zdj.-B.-Jezierski-min.jpg",150,100,false],"medium":["https:\/\/cmentarzewielkiejwojny.pl\/wp-content\/uploads\/2025\/07\/Cmentarz-nr-107-Biecz-zdj.-B.-Jezierski-min.jpg",300,200,false],"medium_large":["https:\/\/cmentarzewielkiejwojny.pl\/wp-content\/uploads\/2025\/07\/Cmentarz-nr-107-Biecz-zdj.-B.-Jezierski-min.jpg",525,350,false],"large":["https:\/\/cmentarzewielkiejwojny.pl\/wp-content\/uploads\/2025\/07\/Cmentarz-nr-107-Biecz-zdj.-B.-Jezierski-min.jpg",525,350,false],"1536x1536":["https:\/\/cmentarzewielkiejwojny.pl\/wp-content\/uploads\/2025\/07\/Cmentarz-nr-107-Biecz-zdj.-B.-Jezierski-min.jpg",1536,1024,false],"2048x2048":["https:\/\/cmentarzewielkiejwojny.pl\/wp-content\/uploads\/2025\/07\/Cmentarz-nr-107-Biecz-zdj.-B.-Jezierski-min.jpg",2048,1365,false],"twentyseventeen-featured-image":["https:\/\/cmentarzewielkiejwojny.pl\/wp-content\/uploads\/2025\/07\/Cmentarz-nr-107-Biecz-zdj.-B.-Jezierski-min.jpg",1800,1200,false],"twentyseventeen-thumbnail-avatar":["https:\/\/cmentarzewielkiejwojny.pl\/wp-content\/uploads\/2025\/07\/Cmentarz-nr-107-Biecz-zdj.-B.-Jezierski-min.jpg",100,67,false]},"uagb_author_info":{"display_name":"admin","author_link":"https:\/\/cmentarzewielkiejwojny.pl\/index.php\/author\/cww\/"},"uagb_comment_info":0,"uagb_excerpt":"Cmentarz nr 107 Biecz z czterystustu Zachodniogalicyjskich Cmentarzy Wielkiej Wojny Okr\u0119g III Gorlice Cmentarz nr 107 Biecz, w obr\u0119bie cmentarza \u017cydowskiego znajduj\u0105 si\u0119 3 mogi\u0142y pojedyncze \u2013 obecnie jest nie do ustalenia ich lokalizacja. Ca\u0142e jego wyposa\u017cenie zosta\u0142o zniszczone przez okupanta hitlerowskiego w czasie drugiej wojny \u015bwiatowej. W 1966 roku zosta\u0142 wzniesiony pomnik po\u015bwi\u0119cony wymordowanej&hellip;","_links":{"self":[{"href":"https:\/\/cmentarzewielkiejwojny.pl\/index.php\/wp-json\/wp\/v2\/pages\/546","targetHints":{"allow":["GET"]}}],"collection":[{"href":"https:\/\/cmentarzewielkiejwojny.pl\/index.php\/wp-json\/wp\/v2\/pages"}],"about":[{"href":"https:\/\/cmentarzewielkiejwojny.pl\/index.php\/wp-json\/wp\/v2\/types\/page"}],"author":[{"embeddable":true,"href":"https:\/\/cmentarzewielkiejwojny.pl\/index.php\/wp-json\/wp\/v2\/users\/1"}],"replies":[{"embeddable":true,"href":"https:\/\/cmentarzewielkiejwojny.pl\/index.php\/wp-json\/wp\/v2\/comments?post=546"}],"version-history":[{"count":13,"href":"https:\/\/cmentarzewielkiejwojny.pl\/index.php\/wp-json\/wp\/v2\/pages\/546\/revisions"}],"predecessor-version":[{"id":3523,"href":"https:\/\/cmentarzewielkiejwojny.pl\/index.php\/wp-json\/wp\/v2\/pages\/546\/revisions\/3523"}],"up":[{"embeddable":true,"href":"https:\/\/cmentarzewielkiejwojny.pl\/index.php\/wp-json\/wp\/v2\/pages\/109"}],"wp:featuredmedia":[{"embeddable":true,"href":"https:\/\/cmentarzewielkiejwojny.pl\/index.php\/wp-json\/wp\/v2\/media\/1200"}],"wp:attachment":[{"href":"https:\/\/cmentarzewielkiejwojny.pl\/index.php\/wp-json\/wp\/v2\/media?parent=546"}],"curies":[{"name":"wp","href":"https:\/\/api.w.org\/{rel}","templated":true}]}}