{"id":821,"date":"2025-04-09T18:17:58","date_gmt":"2025-04-09T18:17:58","guid":{"rendered":"https:\/\/cmentarzewielkiejwojny.pl\/?page_id=821"},"modified":"2025-10-18T10:27:18","modified_gmt":"2025-10-18T10:27:18","slug":"cmentarz-wojenny-nr-89-gorlice-zlikwidowany-ekshumowany","status":"publish","type":"page","link":"https:\/\/cmentarzewielkiejwojny.pl\/index.php\/okreg-iii-gorlice\/cmentarz-wojenny-nr-89-gorlice-zlikwidowany-ekshumowany\/","title":{"rendered":"Cmentarz wojenny nr 89 Gorlice (Zlikwidowany &#8211; Ekshumowany)"},"content":{"rendered":"\n<p>woj. ma\u0142opolskie, pow. Gorlice, gm. Gorlice<\/p>\n\n\n\n<p>Projekt: Hans Mayr<\/p>\n\n\n\n<p class=\"has-text-align-center\"><strong>Cmentarz nr 89 Gorlice<\/strong> z czterystu Zachodniogalicyjskich <strong>Cmentarzy Wielkiej Wojny Okr\u0119g III \u2013 Gorlice<\/strong><\/p>\n\n\n\t\t\t\t\t<div\n\t\t\t\t\t\tclass=\"wp-block-uagb-image-gallery uagb-block-962ca376     \"\n\t\t\t\t\t\tstyle=\"\"\n\t\t\t\t\t>\n\t\t\t\t\t\t\t\t\t\t\t<div class=\"spectra-image-gallery spectra-image-gallery__layout--grid spectra-image-gallery__layout--grid-col-3 spectra-image-gallery__layout--grid-col-tab-3 spectra-image-gallery__layout--grid-col-mob-2\">\n\t\t\t\t\t\t\t\t\t\t\t<div class='spectra-image-gallery__media-wrapper' data-spectra-gallery-image-id='2505' tabindex=\"0\">\n\t\t\t\t\t\t\t<div class=\"spectra-image-gallery__media spectra-image-gallery__media--grid\">\n\t\t\t\t<picture>\n\t\t\t\t\t<source media=\"(min-width: 1024px)\" srcset=\"https:\/\/cmentarzewielkiejwojny.pl\/wp-content\/uploads\/2025\/09\/Cmentarz-nr-89-Gorlice-zdj.-archiwalne-Archiwum-Narodowe-Krakow.jpg\">\n\t\t\t\t\t<source media=\"(min-width: 768px)\" srcset=\"https:\/\/cmentarzewielkiejwojny.pl\/wp-content\/uploads\/2025\/09\/Cmentarz-nr-89-Gorlice-zdj.-archiwalne-Archiwum-Narodowe-Krakow.jpg\">\n\t\t\t\t\t<img decoding=\"async\" class=\"spectra-image-gallery__media-thumbnail spectra-image-gallery__media-thumbnail--grid\" src=\"https:\/\/cmentarzewielkiejwojny.pl\/wp-content\/uploads\/2025\/09\/Cmentarz-nr-89-Gorlice-zdj.-archiwalne-Archiwum-Narodowe-Krakow.jpg\" alt=\"\" loading=\"lazy\" \/>\n\t\t\t\t<\/picture>\n\t\t\t\t<div class=\"spectra-image-gallery__media-thumbnail-blurrer\"><\/div>\n\t\t\t\t\t\t\t\t\t\t\t<div class=\"spectra-image-gallery__media-thumbnail-caption-wrapper spectra-image-gallery__media-thumbnail-caption-wrapper--overlay\">\n\t\t\t\t\t\t\t\t\t\t\t<div class=\"spectra-image-gallery__media-thumbnail-caption spectra-image-gallery__media-thumbnail-caption--overlay\">\n\t\t\t\t\tBrak podpisu\t\t\t\t<\/div>\n\t\t\t\t\t\t\t\t\t\t<\/div>\n\t\t\t\t\t\t\t\t\t<\/div>\n\t\t\t\t\t\t<\/div>\n\t\t\t\t\t\t<div class='spectra-image-gallery__media-wrapper' data-spectra-gallery-image-id='2504' tabindex=\"0\">\n\t\t\t\t\t\t\t<div class=\"spectra-image-gallery__media spectra-image-gallery__media--grid\">\n\t\t\t\t<picture>\n\t\t\t\t\t<source media=\"(min-width: 1024px)\" srcset=\"https:\/\/cmentarzewielkiejwojny.pl\/wp-content\/uploads\/2025\/09\/Cmentarz-nr-89-Gorlice-zdj.-archiwalne-Archiwum-Narodowe-Krakow-2.jpg\">\n\t\t\t\t\t<source media=\"(min-width: 768px)\" srcset=\"https:\/\/cmentarzewielkiejwojny.pl\/wp-content\/uploads\/2025\/09\/Cmentarz-nr-89-Gorlice-zdj.-archiwalne-Archiwum-Narodowe-Krakow-2.jpg\">\n\t\t\t\t\t<img decoding=\"async\" class=\"spectra-image-gallery__media-thumbnail spectra-image-gallery__media-thumbnail--grid\" src=\"https:\/\/cmentarzewielkiejwojny.pl\/wp-content\/uploads\/2025\/09\/Cmentarz-nr-89-Gorlice-zdj.-archiwalne-Archiwum-Narodowe-Krakow-2.jpg\" alt=\"\" loading=\"lazy\" \/>\n\t\t\t\t<\/picture>\n\t\t\t\t<div class=\"spectra-image-gallery__media-thumbnail-blurrer\"><\/div>\n\t\t\t\t\t\t\t\t\t\t\t<div class=\"spectra-image-gallery__media-thumbnail-caption-wrapper spectra-image-gallery__media-thumbnail-caption-wrapper--overlay\">\n\t\t\t\t\t\t\t\t\t\t\t<div class=\"spectra-image-gallery__media-thumbnail-caption spectra-image-gallery__media-thumbnail-caption--overlay\">\n\t\t\t\t\tBrak podpisu\t\t\t\t<\/div>\n\t\t\t\t\t\t\t\t\t\t<\/div>\n\t\t\t\t\t\t\t\t\t<\/div>\n\t\t\t\t\t\t<\/div>\n\t\t\t\t\t\t<div class='spectra-image-gallery__media-wrapper' data-spectra-gallery-image-id='2503' tabindex=\"0\">\n\t\t\t\t\t\t\t<div class=\"spectra-image-gallery__media spectra-image-gallery__media--grid\">\n\t\t\t\t<picture>\n\t\t\t\t\t<source media=\"(min-width: 1024px)\" srcset=\"https:\/\/cmentarzewielkiejwojny.pl\/wp-content\/uploads\/2025\/09\/Cmentarz-nr-89-Gorlice-zdj.-archiwalne-Archiwum-Narodowe-Krakow-1.jpg\">\n\t\t\t\t\t<source media=\"(min-width: 768px)\" srcset=\"https:\/\/cmentarzewielkiejwojny.pl\/wp-content\/uploads\/2025\/09\/Cmentarz-nr-89-Gorlice-zdj.-archiwalne-Archiwum-Narodowe-Krakow-1.jpg\">\n\t\t\t\t\t<img decoding=\"async\" class=\"spectra-image-gallery__media-thumbnail spectra-image-gallery__media-thumbnail--grid\" src=\"https:\/\/cmentarzewielkiejwojny.pl\/wp-content\/uploads\/2025\/09\/Cmentarz-nr-89-Gorlice-zdj.-archiwalne-Archiwum-Narodowe-Krakow-1.jpg\" alt=\"\" loading=\"lazy\" \/>\n\t\t\t\t<\/picture>\n\t\t\t\t<div class=\"spectra-image-gallery__media-thumbnail-blurrer\"><\/div>\n\t\t\t\t\t\t\t\t\t\t\t<div class=\"spectra-image-gallery__media-thumbnail-caption-wrapper spectra-image-gallery__media-thumbnail-caption-wrapper--overlay\">\n\t\t\t\t\t\t\t\t\t\t\t<div class=\"spectra-image-gallery__media-thumbnail-caption spectra-image-gallery__media-thumbnail-caption--overlay\">\n\t\t\t\t\tBrak podpisu\t\t\t\t<\/div>\n\t\t\t\t\t\t\t\t\t\t<\/div>\n\t\t\t\t\t\t\t\t\t<\/div>\n\t\t\t\t\t\t<\/div>\n\t\t\t\t\t\t\t\t\t\t<\/div>\n\t\t\t\t\t\t\t\t\t\t\t\t\t\t\t\t\t\t<\/div>\n\t\t\t\t\t\t\t\t\t\t\t<div class='spectra-image-gallery__control-lightbox' tabindex='0'>\n\t\t\t\t\t\t\t\t\t\t\t<div class=\"swiper spectra-image-gallery__control-lightbox--main\" dir=\"\">\n\t\t\t\t\t<div class=\"swiper-wrapper\">\n\t\t\t\t\t\t\t\t\t\t\t\t\t\n\t\t\t\t\t\t\t<div class=\"swiper-slide\">\n\t\t\t\t\t\t\t\t<img class=\"swiper-lazy\" data-src=\"https:\/\/cmentarzewielkiejwojny.pl\/wp-content\/uploads\/2025\/09\/Cmentarz-nr-89-Gorlice-zdj.-archiwalne-Archiwum-Narodowe-Krakow.jpg\" alt=\"\"\/>\n\t\t\t\t\t\t\t\t<div class=\"swiper-lazy-preloader swiper-lazy-preloader-white\"><\/div>\n\t\t\t\t\t\t\t\t\t\t\t\t\t\t\t<\/div>\n\t\t\t\t\t\t\t\t\t\t\t\t\t\n\t\t\t\t\t\t\t<div class=\"swiper-slide\">\n\t\t\t\t\t\t\t\t<img class=\"swiper-lazy\" data-src=\"https:\/\/cmentarzewielkiejwojny.pl\/wp-content\/uploads\/2025\/09\/Cmentarz-nr-89-Gorlice-zdj.-archiwalne-Archiwum-Narodowe-Krakow-2.jpg\" alt=\"\"\/>\n\t\t\t\t\t\t\t\t<div class=\"swiper-lazy-preloader swiper-lazy-preloader-white\"><\/div>\n\t\t\t\t\t\t\t\t\t\t\t\t\t\t\t<\/div>\n\t\t\t\t\t\t\t\t\t\t\t\t\t\n\t\t\t\t\t\t\t<div class=\"swiper-slide\">\n\t\t\t\t\t\t\t\t<img class=\"swiper-lazy\" data-src=\"https:\/\/cmentarzewielkiejwojny.pl\/wp-content\/uploads\/2025\/09\/Cmentarz-nr-89-Gorlice-zdj.-archiwalne-Archiwum-Narodowe-Krakow-1.jpg\" alt=\"\"\/>\n\t\t\t\t\t\t\t\t<div class=\"swiper-lazy-preloader swiper-lazy-preloader-white\"><\/div>\n\t\t\t\t\t\t\t\t\t\t\t\t\t\t\t<\/div>\n\t\t\t\t\t\t\t\t\t\t\t<\/div>\n\t\t\t\t\t<div class=\"swiper-button-next\"><\/div>\n\t\t\t\t\t<div class=\"swiper-button-prev\"><\/div>\n\t\t\t\t<\/div>\t\t\t\n\t\t\t\t\t\t\t\t\t\t\t\t\t\t\t\t\t\t\t\t\t\t\t\t\t\t\t\t\t\t\t\t<button class='spectra-image-gallery__control-lightbox--close' aria-label=\"Close\">\n\t\t\t\t\t\t\t\t\t\t\t\t\t<svg xmlns=\"https:\/\/www.w3.org\/2000\/svg\" viewBox= \"0 0 320 512\"><path d=\"M310.6 361.4c12.5 12.5 12.5 32.75 0 45.25C304.4 412.9 296.2 416 288 416s-16.38-3.125-22.62-9.375L160 301.3L54.63 406.6C48.38 412.9 40.19 416 32 416S15.63 412.9 9.375 406.6c-12.5-12.5-12.5-32.75 0-45.25l105.4-105.4L9.375 150.6c-12.5-12.5-12.5-32.75 0-45.25s32.75-12.5 45.25 0L160 210.8l105.4-105.4c12.5-12.5 32.75-12.5 45.25 0s12.5 32.75 0 45.25l-105.4 105.4L310.6 361.4z\"><\/path><\/svg>\n\t\t\t\t\t\t\t\t\t\t\t\t<\/button>\n\t\t\t\t\t\t\t\t\t\t\t\t\t<\/div>\n\t\t\t\t\t\t\t\t\t\n\n\n<p class=\"has-text-align-center has-small-font-size\">zdj. plany, projekty archiwalne \u2013 Archiwum Narodowe Krak\u00f3w<\/p>\n\n\n\n<p><strong>Cmentarz nr 89 Gorlice<\/strong> zosta\u0142 zlikwidowany ze wzgl\u0119du na budow\u0105 osiedla mieszkaniowego w latach 60 minionego wieku. Pochowanych tu \u017co\u0142nierzy&nbsp; ekshumowano i przeniesiono na cmentarz nr 91 w Gorlicach. Tablica z nazwiskami ekshumowanych \u017co\u0142nierzy z cmentarza nr 89 zosta\u0142a umieszczona w bramie cmentarza nr 91.<\/p>\n\n\n<div class=\"wp-block-image\">\n<figure class=\"aligncenter size-full is-resized\"><img loading=\"lazy\" decoding=\"async\" width=\"906\" height=\"1280\" src=\"https:\/\/cmentarzewielkiejwojny.pl\/wp-content\/uploads\/2025\/09\/Tablica-na-cmentarzu-91-w-Gorlicach-z-ekshumowanymi-zolnierzami-z-cmentarza-89-Gorlice-zdj.-B.-Jezierski.jpg\" alt=\"\" class=\"wp-image-2508\" style=\"width:196px;height:auto\"\/><\/figure>\n<\/div>\n\n\n<p>Cmentarz mia\u0142 form\u0119 prostok\u0105ta. Ogrodzony by\u0142 wysokim, kamiennym murem. Wej\u015bcie na cmentarz by\u0142o przez kamienn\u0105 bram\u0119 w formie piramidy. Dwuskrzyd\u0142owa metalowa bram osadzona w kamiennej bramie zamyka\u0142o wej\u015bcie na cmentarz. Jedynymi pozosta\u0142o\u015bciami jest drzewo rosn\u0105ce przy bloku.<\/p>\n\n\n\n<p><em>\u201e\u2026Wysoki kamienny mur (2,40 m), zwie\u0144czony szczytem nad krat\u0105 furty, stare buki, tablica pami\u0105tkowa \u2026\u201d. (1)<\/em><\/p>\n\n\n\n<p><em>\u201e\u2026Brak informacji\u2026\u201d. (2)<\/em><\/p>\n\n\n\n<p>Na cmentarzu w 2 mogi\u0142ach zbiorowych pochowanych by\u0142o 61 \u017co\u0142nierzy niemieckich, wszyscy znani z imienia i nazwiska. Przynale\u017celi oni do: P.R.I.R. 272. Polegli w dniu 2.05.1915 roku.<\/p>\n\n\n<div class=\"wp-block-image\">\n<figure class=\"aligncenter size-full is-resized\"><img loading=\"lazy\" decoding=\"async\" width=\"1280\" height=\"1266\" src=\"https:\/\/cmentarzewielkiejwojny.pl\/wp-content\/uploads\/2025\/09\/Cmentarz-nr-89-Gorlice-plan-archiwalny-Archiwum-Narodowe-Krakow.jpg\" alt=\"\" class=\"wp-image-2502\" style=\"width:246px;height:auto\"\/><\/figure>\n<\/div>\n\n\n<p class=\"has-text-align-center has-small-font-size\">zdj. plany, projekty archiwalne \u2013 Archiwum Narodowe Krak\u00f3w<\/p>\n\n\n\n<p>Dojazd: <strong>cmentarz nr 89 Gorlice<\/strong> znajdowa\u0142 si\u0119 przy ul. Kopernika. Dok\u0142adna lokalizacja GPS &nbsp;49.656966 21.151685<\/p>\n\n\n\n<p>Ciekawostk\u0105 jest, \u017ce m\u00f3j przyjaciel Roman Frodyma w swoim przewodniku \u201eCmentarze Wojenne z I Wojny \u015awiatowej Gorlice\u2026\u201d mylnie opisa\u0142 lokalizacj\u0119 cmentarza. W przewodniku wykorzysta\u0142 zdj\u0119cie g\u0142az\u00f3w znajduj\u0105cych si\u0119 po drugiej stronie ul przy bloku opisuj\u0105c to jako pozosta\u0142o\u015bci po cmentarzu. Opis ten z lokalizacj\u0105 funkcjonowa\u0142\/funkcjonuje jeszcze do dnia dzisiejszego.<\/p>\n\n\n<div class=\"wp-block-image\">\n<figure class=\"aligncenter size-full is-resized\"><img loading=\"lazy\" decoding=\"async\" width=\"1280\" height=\"796\" src=\"https:\/\/cmentarzewielkiejwojny.pl\/wp-content\/uploads\/2025\/09\/img132_Easy-Resize.com_.jpg\" alt=\"\" class=\"wp-image-2507\" style=\"width:258px;height:auto\"\/><\/figure>\n<\/div>\n\n\n<p class=\"has-text-align-center has-small-font-size\">zdj. archiwalne (g\u0142azy z mylnie okre\u015blonej lokalizacji) &#8211; R. Frodyma \u2013 w prywatnych zbiorach B. Jezierski<\/p>\n\n\n\n<p class=\"has-small-font-size\">(1) R. Broch, H. Hauptmann \u201eDie westgalizischen Heldengr\u00e4ber aus den Jahren des Weltkrieges 1914-1915\u201d Wien 1918&nbsp; \u2013 orygina\u0142 w prywatnych zbiorach B. Jezierski&nbsp;<\/p>\n\n\n\n<p class=\"has-small-font-size\">(2) Oktawian Duda \u201eCmentarze Wojenne z lat 1914 \u2013 1918 w Galicji Zachodniej Czas \u015awietno\u015bci i Czas Pogardy\u201d Nowy S\u0105cz 1977 \u2013 1987, maszynopis w prywatnych zbiorach B. Jezierski<\/p>\n\n\n\n<p class=\"has-small-font-size\">zdj.\u00a0 \u2013 Bogdan Jezierski<\/p>\n\n\n<div class=\"wp-block-image\">\n<figure class=\"aligncenter size-full is-resized\"><img loading=\"lazy\" decoding=\"async\" width=\"1073\" height=\"651\" src=\"https:\/\/cmentarzewielkiejwojny.pl\/wp-content\/uploads\/2025\/09\/Cmentarz-nr-89-Gorlice-zdj.-lokalizacja-cmentarza.png\" alt=\"\" class=\"wp-image-2506\" style=\"width:456px;height:auto\"\/><\/figure>\n<\/div>\n\n\n<p class=\"has-text-align-center\"><strong>Cmentarze Wielkiej Wojny<\/strong> <\/p>\n\n\n<div class=\"wp-block-image\">\n<figure class=\"aligncenter size-full is-resized\"><img loading=\"lazy\" decoding=\"async\" width=\"512\" height=\"512\" src=\"https:\/\/cmentarzewielkiejwojny.pl\/wp-content\/uploads\/2025\/02\/cropped-logo-bez-tla.png\" alt=\"\" class=\"wp-image-51\" style=\"width:160px;height:auto\" srcset=\"https:\/\/cmentarzewielkiejwojny.pl\/wp-content\/uploads\/2025\/02\/cropped-logo-bez-tla.png 512w, https:\/\/cmentarzewielkiejwojny.pl\/wp-content\/uploads\/2025\/02\/cropped-logo-bez-tla-300x300.png 300w, https:\/\/cmentarzewielkiejwojny.pl\/wp-content\/uploads\/2025\/02\/cropped-logo-bez-tla-150x150.png 150w, https:\/\/cmentarzewielkiejwojny.pl\/wp-content\/uploads\/2025\/02\/cropped-logo-bez-tla-100x100.png 100w, https:\/\/cmentarzewielkiejwojny.pl\/wp-content\/uploads\/2025\/02\/cropped-logo-bez-tla-270x270.png 270w, https:\/\/cmentarzewielkiejwojny.pl\/wp-content\/uploads\/2025\/02\/cropped-logo-bez-tla-192x192.png 192w, https:\/\/cmentarzewielkiejwojny.pl\/wp-content\/uploads\/2025\/02\/cropped-logo-bez-tla-180x180.png 180w, https:\/\/cmentarzewielkiejwojny.pl\/wp-content\/uploads\/2025\/02\/cropped-logo-bez-tla-32x32.png 32w\" sizes=\"auto, (max-width: 512px) 100vw, 512px\" \/><figcaption class=\"wp-element-caption\">Cmentarze Wielkiej Wojny<\/figcaption><\/figure>\n<\/div>","protected":false},"excerpt":{"rendered":"<p>woj. ma\u0142opolskie, pow. Gorlice, gm. Gorlice Projekt: Hans Mayr Cmentarz nr 89 Gorlice z czterystu Zachodniogalicyjskich Cmentarzy Wielkiej Wojny Okr\u0119g III \u2013 Gorlice zdj. plany, projekty archiwalne \u2013 Archiwum Narodowe Krak\u00f3w Cmentarz nr 89 Gorlice zosta\u0142 zlikwidowany ze wzgl\u0119du na budow\u0105 osiedla mieszkaniowego w latach 60 minionego wieku. Pochowanych tu \u017co\u0142nierzy&nbsp; ekshumowano i przeniesiono na &hellip; <\/p>\n<p class=\"link-more\"><a href=\"https:\/\/cmentarzewielkiejwojny.pl\/index.php\/okreg-iii-gorlice\/cmentarz-wojenny-nr-89-gorlice-zlikwidowany-ekshumowany\/\" class=\"more-link\">Czytaj dalej<span class=\"screen-reader-text\"> \u201eCmentarz wojenny nr 89 Gorlice (Zlikwidowany &#8211; Ekshumowany)\u201d<\/span><\/a><\/p>\n","protected":false},"author":1,"featured_media":2505,"parent":109,"menu_order":0,"comment_status":"closed","ping_status":"closed","template":"","meta":{"_uag_custom_page_level_css":"","footnotes":""},"class_list":["post-821","page","type-page","status-publish","has-post-thumbnail","hentry"],"uagb_featured_image_src":{"full":["https:\/\/cmentarzewielkiejwojny.pl\/wp-content\/uploads\/2025\/09\/Cmentarz-nr-89-Gorlice-zdj.-archiwalne-Archiwum-Narodowe-Krakow.jpg",1280,813,false],"thumbnail":["https:\/\/cmentarzewielkiejwojny.pl\/wp-content\/uploads\/2025\/09\/Cmentarz-nr-89-Gorlice-zdj.-archiwalne-Archiwum-Narodowe-Krakow.jpg",150,95,false],"medium":["https:\/\/cmentarzewielkiejwojny.pl\/wp-content\/uploads\/2025\/09\/Cmentarz-nr-89-Gorlice-zdj.-archiwalne-Archiwum-Narodowe-Krakow.jpg",300,191,false],"medium_large":["https:\/\/cmentarzewielkiejwojny.pl\/wp-content\/uploads\/2025\/09\/Cmentarz-nr-89-Gorlice-zdj.-archiwalne-Archiwum-Narodowe-Krakow.jpg",525,333,false],"large":["https:\/\/cmentarzewielkiejwojny.pl\/wp-content\/uploads\/2025\/09\/Cmentarz-nr-89-Gorlice-zdj.-archiwalne-Archiwum-Narodowe-Krakow.jpg",525,333,false],"1536x1536":["https:\/\/cmentarzewielkiejwojny.pl\/wp-content\/uploads\/2025\/09\/Cmentarz-nr-89-Gorlice-zdj.-archiwalne-Archiwum-Narodowe-Krakow.jpg",1280,813,false],"2048x2048":["https:\/\/cmentarzewielkiejwojny.pl\/wp-content\/uploads\/2025\/09\/Cmentarz-nr-89-Gorlice-zdj.-archiwalne-Archiwum-Narodowe-Krakow.jpg",1280,813,false],"twentyseventeen-featured-image":["https:\/\/cmentarzewielkiejwojny.pl\/wp-content\/uploads\/2025\/09\/Cmentarz-nr-89-Gorlice-zdj.-archiwalne-Archiwum-Narodowe-Krakow.jpg",1280,813,false],"twentyseventeen-thumbnail-avatar":["https:\/\/cmentarzewielkiejwojny.pl\/wp-content\/uploads\/2025\/09\/Cmentarz-nr-89-Gorlice-zdj.-archiwalne-Archiwum-Narodowe-Krakow.jpg",100,64,false]},"uagb_author_info":{"display_name":"admin","author_link":"https:\/\/cmentarzewielkiejwojny.pl\/index.php\/author\/cww\/"},"uagb_comment_info":0,"uagb_excerpt":"woj. ma\u0142opolskie, pow. Gorlice, gm. Gorlice Projekt: Hans Mayr Cmentarz nr 89 Gorlice z czterystu Zachodniogalicyjskich Cmentarzy Wielkiej Wojny Okr\u0119g III \u2013 Gorlice zdj. plany, projekty archiwalne \u2013 Archiwum Narodowe Krak\u00f3w Cmentarz nr 89 Gorlice zosta\u0142 zlikwidowany ze wzgl\u0119du na budow\u0105 osiedla mieszkaniowego w latach 60 minionego wieku. Pochowanych tu \u017co\u0142nierzy&nbsp; ekshumowano i przeniesiono na&hellip;","_links":{"self":[{"href":"https:\/\/cmentarzewielkiejwojny.pl\/index.php\/wp-json\/wp\/v2\/pages\/821","targetHints":{"allow":["GET"]}}],"collection":[{"href":"https:\/\/cmentarzewielkiejwojny.pl\/index.php\/wp-json\/wp\/v2\/pages"}],"about":[{"href":"https:\/\/cmentarzewielkiejwojny.pl\/index.php\/wp-json\/wp\/v2\/types\/page"}],"author":[{"embeddable":true,"href":"https:\/\/cmentarzewielkiejwojny.pl\/index.php\/wp-json\/wp\/v2\/users\/1"}],"replies":[{"embeddable":true,"href":"https:\/\/cmentarzewielkiejwojny.pl\/index.php\/wp-json\/wp\/v2\/comments?post=821"}],"version-history":[{"count":5,"href":"https:\/\/cmentarzewielkiejwojny.pl\/index.php\/wp-json\/wp\/v2\/pages\/821\/revisions"}],"predecessor-version":[{"id":3611,"href":"https:\/\/cmentarzewielkiejwojny.pl\/index.php\/wp-json\/wp\/v2\/pages\/821\/revisions\/3611"}],"up":[{"embeddable":true,"href":"https:\/\/cmentarzewielkiejwojny.pl\/index.php\/wp-json\/wp\/v2\/pages\/109"}],"wp:featuredmedia":[{"embeddable":true,"href":"https:\/\/cmentarzewielkiejwojny.pl\/index.php\/wp-json\/wp\/v2\/media\/2505"}],"wp:attachment":[{"href":"https:\/\/cmentarzewielkiejwojny.pl\/index.php\/wp-json\/wp\/v2\/media?parent=821"}],"curies":[{"name":"wp","href":"https:\/\/api.w.org\/{rel}","templated":true}]}}